[INFO] fetching crate streamsha 0.1.0...
[INFO] checking streamsha-0.1.0 against master#af3c6e733a40e671550e0f0f5aeecaa13772ba56 for pr-74989
[INFO] extracting crate streamsha 0.1.0 into /workspace/builds/worker-9/source
[INFO] validating manifest of crates.io crate streamsha 0.1.0 on toolchain af3c6e733a40e671550e0f0f5aeecaa13772ba56
[INFO] running `Command { std: "/workspace/cargo-home/bin/cargo" "+af3c6e733a40e671550e0f0f5aeecaa13772ba56" "read-manifest" "--manifest-path" "Cargo.toml", kill_on_drop: false }`
[INFO] started tweaking crates.io crate streamsha 0.1.0
[INFO] finished tweaking crates.io crate streamsha 0.1.0
[INFO] tweaked toml for crates.io crate streamsha 0.1.0 written to /workspace/builds/worker-9/source/Cargo.toml
[INFO] running `Command { std: "/workspace/cargo-home/bin/cargo" "+af3c6e733a40e671550e0f0f5aeecaa13772ba56" "generate-lockfile" "--manifest-path" "Cargo.toml" "-Zno-index-update", kill_on_drop: false }`
[INFO] running `Command { std: "/workspace/cargo-home/bin/cargo" "+af3c6e733a40e671550e0f0f5aeecaa13772ba56" "fetch" "--locked" "--manifest-path" "Cargo.toml", kill_on_drop: false }`
[INFO] running `Command { std: "docker" "create" "-v" "/var/lib/crater-agent-workspace/builds/worker-9/target:/opt/rustwide/target:rw,Z" "-v" "/var/lib/crater-agent-workspace/builds/worker-9/source:/opt/rustwide/workdir:ro,Z" "-v" "/var/lib/crater-agent-workspace/cargo-home:/opt/rustwide/cargo-home:ro,Z" "-v" "/var/lib/crater-agent-workspace/rustup-home:/opt/rustwide/rustup-home:ro,Z" "-e" "SOURCE_DIR=/opt/rustwide/workdir" "-e" "CARGO_TARGET_DIR=/opt/rustwide/target" "-e" "CARGO_HOME=/opt/rustwide/cargo-home" "-e" "RUSTUP_HOME=/opt/rustwide/rustup-home" "-w" "/opt/rustwide/workdir" "-m" "1610612736" "--user" "0:0" "--network" "none" "rustops/crates-build-env@sha256:d92eaeed33fa75130ca1ee6c8a01d1ffb62bac859dfdfb3450e3e5d1c0146529" "/opt/rustwide/cargo-home/bin/cargo" "+af3c6e733a40e671550e0f0f5aeecaa13772ba56" "metadata" "--no-deps" "--format-version=1", kill_on_drop: false }`
[INFO] [stderr] WARNING: Your kernel does not support swap limit capabilities or the cgroup is not mounted. Memory limited without swap.
[INFO] [stdout] ab8dd4a463d989e47cb3bb1a7ac456d03f3dea5005dde0b3b75be510d954ac7d
[INFO] running `Command { std: "docker" "start" "-a" "ab8dd4a463d989e47cb3bb1a7ac456d03f3dea5005dde0b3b75be510d954ac7d", kill_on_drop: false }`
[INFO] running `Command { std: "docker" "inspect" "ab8dd4a463d989e47cb3bb1a7ac456d03f3dea5005dde0b3b75be510d954ac7d", kill_on_drop: false }`
[INFO] running `Command { std: "docker" "rm" "-f" "ab8dd4a463d989e47cb3bb1a7ac456d03f3dea5005dde0b3b75be510d954ac7d", kill_on_drop: false }`
[INFO] [stdout] ab8dd4a463d989e47cb3bb1a7ac456d03f3dea5005dde0b3b75be510d954ac7d
[INFO] running `Command { std: "docker" "create" "-v" "/var/lib/crater-agent-workspace/builds/worker-9/target:/opt/rustwide/target:rw,Z" "-v" "/var/lib/crater-agent-workspace/builds/worker-9/source:/opt/rustwide/workdir:ro,Z" "-v" "/var/lib/crater-agent-workspace/cargo-home:/opt/rustwide/cargo-home:ro,Z" "-v" "/var/lib/crater-agent-workspace/rustup-home:/opt/rustwide/rustup-home:ro,Z" "-e" "SOURCE_DIR=/opt/rustwide/workdir" "-e" "CARGO_TARGET_DIR=/opt/rustwide/target" "-e" "CARGO_INCREMENTAL=0" "-e" "RUST_BACKTRACE=full" "-e" "RUSTFLAGS=--cap-lints=forbid" "-e" "CARGO_HOME=/opt/rustwide/cargo-home" "-e" "RUSTUP_HOME=/opt/rustwide/rustup-home" "-w" "/opt/rustwide/workdir" "-m" "1610612736" "--user" "0:0" "--network" "none" "rustops/crates-build-env@sha256:d92eaeed33fa75130ca1ee6c8a01d1ffb62bac859dfdfb3450e3e5d1c0146529" "/opt/rustwide/cargo-home/bin/cargo" "+af3c6e733a40e671550e0f0f5aeecaa13772ba56" "check" "--frozen" "--all" "--all-targets" "--message-format=json", kill_on_drop: false }`
[INFO] [stderr] WARNING: Your kernel does not support swap limit capabilities or the cgroup is not mounted. Memory limited without swap.
[INFO] [stdout] b2dc84e6016782ddeba1e574f1aa92c5b2bd2901285a2e9288fe654703c5cc24
[INFO] running `Command { std: "docker" "start" "-a" "b2dc84e6016782ddeba1e574f1aa92c5b2bd2901285a2e9288fe654703c5cc24", kill_on_drop: false }`
[INFO] [stderr]     Checking streamsha v0.1.0 (/opt/rustwide/workdir)
[INFO] [stdout] error[E0432]: unresolved import `hex_literal`
[INFO] [stdout]  --> tests/sha256.rs:5:5
[INFO] [stdout]   |
[INFO] [stdout] 5 | use hex_literal::hex;
[INFO] [stdout]   |     ^^^^^^^^^^^ use of undeclared type or module `hex_literal`
[INFO] [stdout] 
[INFO] [stdout] 
[INFO] [stdout] error: cannot determine resolution for the macro `hex`
[INFO] [stdout]  --> tests/sha256.rs:9:22
[INFO] [stdout]   |
[INFO] [stdout] 9 | const data: &[u8] = &hex!("3082062130820509a0030201020204012d57ca300d06092a864886f70d01010b0500308182310b3009060355040613024a50310d300b06...
[INFO] [stdout]   |                      ^^^
[INFO] [stdout]   |
[INFO] [stdout]   = note: import resolution is stuck, try simplifying macro imports
[INFO] [stdout] 
[INFO] [stdout] 
[INFO] [stdout] error: cannot determine resolution for the macro `hex`
[INFO] [stdout]   --> tests/sha256.rs:12:11
[INFO] [stdout]    |
[INFO] [stdout] 12 |     (&[], hex!("e3b0c44298fc1c149afbf4c8996fb92427ae41e4649b934ca495991b7852b855")),
[INFO] [stdout]    |           ^^^
[INFO] [stdout]    |
[INFO] [stdout]    = note: import resolution is stuck, try simplifying macro imports
[INFO] [stdout] 
[INFO] [stdout] 
[INFO] [stdout] error: cannot determine resolution for the macro `hex`
[INFO] [stdout]   --> tests/sha256.rs:13:15
[INFO] [stdout]    |
[INFO] [stdout] 13 |     (&[0xbd], hex!("68325720 aabd7c82 f30f554b 313d0570 c95accbb 7dc4b5aa e11204c0 8ffe732b")),
[INFO] [stdout]    |               ^^^
[INFO] [stdout]    |
[INFO] [stdout]    = note: import resolution is stuck, try simplifying macro imports
[INFO] [stdout] 
[INFO] [stdout] 
[INFO] [stdout] error: cannot determine resolution for the macro `hex`
[INFO] [stdout]   --> tests/sha256.rs:14:7
[INFO] [stdout]    |
[INFO] [stdout] 14 |     (&hex!("c98c8e55"), hex!("7abc22c0 ae5af26c e93dbb94 433a0e0b 2e119d01 4f8e7f65 bd56c61c cccd9504")),
[INFO] [stdout]    |       ^^^
[INFO] [stdout]    |
[INFO] [stdout]    = note: import resolution is stuck, try simplifying macro imports
[INFO] [stdout] 
[INFO] [stdout] 
[INFO] [stdout] error: cannot determine resolution for the macro `hex`
[INFO] [stdout]   --> tests/sha256.rs:14:25
[INFO] [stdout]    |
[INFO] [stdout] 14 |     (&hex!("c98c8e55"), hex!("7abc22c0 ae5af26c e93dbb94 433a0e0b 2e119d01 4f8e7f65 bd56c61c cccd9504")),
[INFO] [stdout]    |                         ^^^
[INFO] [stdout]    |
[INFO] [stdout]    = note: import resolution is stuck, try simplifying macro imports
[INFO] [stdout] 
[INFO] [stdout] 
[INFO] [stdout] error: cannot determine resolution for the macro `hex`
[INFO] [stdout]   --> tests/sha256.rs:15:15
[INFO] [stdout]    |
[INFO] [stdout] 15 |     (&[0;55], hex!("02779466 cdec1638 11d07881 5c633f21 90141308 1449002f 24aa3e80 f0b88ef7")),
[INFO] [stdout]    |               ^^^
[INFO] [stdout]    |
[INFO] [stdout]    = note: import resolution is stuck, try simplifying macro imports
[INFO] [stdout] 
[INFO] [stdout] 
[INFO] [stdout] error: cannot determine resolution for the macro `hex`
[INFO] [stdout]   --> tests/sha256.rs:16:16
[INFO] [stdout]    |
[INFO] [stdout] 16 |     (&[0; 56], hex!("d4817aa5 497628e7 c77e6b60 6107042b bba31308 88c5f47a 375e6179 be789fbb")),
[INFO] [stdout]    |                ^^^
[INFO] [stdout]    |
[INFO] [stdout]    = note: import resolution is stuck, try simplifying macro imports
[INFO] [stdout] 
[INFO] [stdout] 
[INFO] [stdout] error: cannot determine resolution for the macro `hex`
[INFO] [stdout]   --> tests/sha256.rs:17:16
[INFO] [stdout]    |
[INFO] [stdout] 17 |     (&[0; 57], hex!("65a16cb7 861335d5 ace3c607 18b5052e 44660726 da4cd13b b745381b 235a1785")),
[INFO] [stdout]    |                ^^^
[INFO] [stdout]    |
[INFO] [stdout]    = note: import resolution is stuck, try simplifying macro imports
[INFO] [stdout] 
[INFO] [stdout] 
[INFO] [stdout] error: cannot determine resolution for the macro `hex`
[INFO] [stdout]   --> tests/sha256.rs:18:16
[INFO] [stdout]    |
[INFO] [stdout] 18 |     (&[0; 64], hex!("f5a5fd42 d16a2030 2798ef6e d309979b 43003d23 20d9f0e8 ea9831a9 2759fb4b")),
[INFO] [stdout]    |                ^^^
[INFO] [stdout]    |
[INFO] [stdout]    = note: import resolution is stuck, try simplifying macro imports
[INFO] [stdout] 
[INFO] [stdout] 
[INFO] [stdout] error: cannot determine resolution for the macro `hex`
[INFO] [stdout]   --> tests/sha256.rs:19:18
[INFO] [stdout]    |
[INFO] [stdout] 19 |     (&[0; 1000], hex!("541b3e9d aa09b20b f85fa273 e5cbd3e8 0185aa4e c298e765 db87742b 70138a53")),
[INFO] [stdout]    |                  ^^^
[INFO] [stdout]    |
[INFO] [stdout]    = note: import resolution is stuck, try simplifying macro imports
[INFO] [stdout] 
[INFO] [stdout] 
[INFO] [stdout] error: cannot determine resolution for the macro `hex`
[INFO] [stdout]   --> tests/sha256.rs:20:21
[INFO] [stdout]    |
[INFO] [stdout] 20 |     (&[0x41; 1000], hex!("c2e68682 3489ced2 017f6059 b8b23931 8b6364f6 dcd835d0 a519105a 1eadd6e4")),
[INFO] [stdout]    |                     ^^^
[INFO] [stdout]    |
[INFO] [stdout]    = note: import resolution is stuck, try simplifying macro imports
[INFO] [stdout] 
[INFO] [stdout] 
[INFO] [stdout] error: cannot determine resolution for the macro `hex`
[INFO] [stdout]   --> tests/sha256.rs:21:21
[INFO] [stdout]    |
[INFO] [stdout] 21 |     (&[0x55; 1005], hex!("f4d62dde c0f3dd90 ea1380fa 16a5ff8d c4c54b21 740650f2 4afc4120 903552b0"))
[INFO] [stdout]    |                     ^^^
[INFO] [stdout]    |
[INFO] [stdout]    = note: import resolution is stuck, try simplifying macro imports
[INFO] [stdout] 
[INFO] [stdout] 
[INFO] [stdout] error: cannot determine resolution for the macro `hex`
[INFO] [stdout]   --> tests/sha256.rs:31:9
[INFO] [stdout]    |
[INFO] [stdout] 31 |         hex!("ba7816bf8f01cfea414140de5dae2223b00361a396177a9cb410ff61f20015ad")
[INFO] [stdout]    |         ^^^
[INFO] [stdout]    |
[INFO] [stdout]    = note: import resolution is stuck, try simplifying macro imports
[INFO] [stdout] 
[INFO] [stdout] 
[INFO] [stdout] error: cannot determine resolution for the macro `hex`
[INFO] [stdout]   --> tests/sha256.rs:41:9
[INFO] [stdout]    |
[INFO] [stdout] 41 |         hex!("449ef3f93be0c5425330af2b41c63769190aa75a713223d96839f6537104007e")
[INFO] [stdout]    |         ^^^
[INFO] [stdout]    |
[INFO] [stdout]    = note: import resolution is stuck, try simplifying macro imports
[INFO] [stdout] 
[INFO] [stdout] 
[INFO] [stdout] error: cannot determine resolution for the macro `hex`
[INFO] [stdout]   --> tests/sha256.rs:56:9
[INFO] [stdout]    |
[INFO] [stdout] 56 |         hex!("449ef3f93be0c5425330af2b41c63769190aa75a713223d96839f6537104007e")
[INFO] [stdout]    |         ^^^
[INFO] [stdout]    |
[INFO] [stdout]    = note: import resolution is stuck, try simplifying macro imports
[INFO] [stdout] 
[INFO] [stdout] 
[INFO] [stdout] error: cannot determine resolution for the macro `hex`
[INFO] [stdout]   --> tests/sha256.rs:69:9
[INFO] [stdout]    |
[INFO] [stdout] 69 |         hex!("449ef3f93be0c5425330af2b41c63769190aa75a713223d96839f6537104007e")
[INFO] [stdout]    |         ^^^
[INFO] [stdout]    |
[INFO] [stdout]    = note: import resolution is stuck, try simplifying macro imports
[INFO] [stdout] 
[INFO] [stdout] 
[INFO] [stdout] error: cannot determine resolution for the macro `hex`
[INFO] [stdout]   --> tests/sha256.rs:88:22
[INFO] [stdout]    |
[INFO] [stdout] 88 |     assert_eq!(hash, hex!("d29751f2 649b32ff 572b5e0a 9f541ea6 60a50f94 ff0beedf b0b692b9 24cc8025"))
[INFO] [stdout]    |                      ^^^
[INFO] [stdout]    |
[INFO] [stdout]    = note: import resolution is stuck, try simplifying macro imports
[INFO] [stdout] 
[INFO] [stdout] 
[INFO] [stdout] error: cannot determine resolution for the macro `hex`
[INFO] [stdout]   --> tests/sha256.rs:97:22
[INFO] [stdout]    |
[INFO] [stdout] 97 |     assert_eq!(hash, hex!("15a1868c 12cc5395 1e182344 277447cd 0979536b adcc512a d24c67e9 b2d4f3dd "))
[INFO] [stdout]    |                      ^^^
[INFO] [stdout]    |
[INFO] [stdout]    = note: import resolution is stuck, try simplifying macro imports
[INFO] [stdout] 
[INFO] [stdout] 
[INFO] [stdout] error: cannot determine resolution for the macro `hex`
[INFO] [stdout]    --> tests/sha256.rs:106:22
[INFO] [stdout]     |
[INFO] [stdout] 106 |     assert_eq!(hash, hex!("461c19a9 3bd4344f 9215f5ec 64357090 342bc66b 15a14831 7d276e31 cbc20b53"))
[INFO] [stdout]     |                      ^^^
[INFO] [stdout]     |
[INFO] [stdout]     = note: import resolution is stuck, try simplifying macro imports
[INFO] [stdout] 
[INFO] [stdout] 
[INFO] [stdout] error: cannot determine resolution for the macro `hex`
[INFO] [stdout]    --> tests/sha256.rs:116:22
[INFO] [stdout]     |
[INFO] [stdout] 116 |     assert_eq!(hash, hex!("c23ce8a7 895f4b21 ec0daf37 920ac0a2 62a22004 5a03eb2d fed48ef9 b05aabea"))
[INFO] [stdout]     |                      ^^^
[INFO] [stdout]     |
[INFO] [stdout]     = note: import resolution is stuck, try simplifying macro imports
[INFO] [stdout] 
[INFO] [stdout] 
[INFO] [stdout] error: aborting due to 21 previous errors
[INFO] [stdout] 
[INFO] [stdout] 
[INFO] [stdout] For more information about this error, try `rustc --explain E0432`.
[INFO] [stdout] 
[INFO] [stderr] error: could not compile `streamsha`.
[INFO] [stderr] 
[INFO] [stderr] To learn more, run the command again with --verbose.
[INFO] [stderr] warning: build failed, waiting for other jobs to finish...
[INFO] [stdout] error[E0432]: unresolved import `hex_literal`
[INFO] [stdout]  --> tests/sha512.rs:5:5
[INFO] [stdout]   |
[INFO] [stdout] 5 | use hex_literal::hex;
[INFO] [stdout]   |     ^^^^^^^^^^^ use of undeclared type or module `hex_literal`
[INFO] [stdout] 
[INFO] [stdout] 
[INFO] [stdout] error: cannot determine resolution for the macro `hex`
[INFO] [stdout]  --> tests/sha512.rs:8:12
[INFO] [stdout]   |
[INFO] [stdout] 8 |     (&[], &hex!("cf83e1357eefb8bd f1542850d66d8007 d620e4050b5715dc 83f4a921d36ce9ce 47d0d13c5d85f2b0 ff8318d2877eec2f 63b931bd47417a81 a...
[INFO] [stdout]   |            ^^^
[INFO] [stdout]   |
[INFO] [stdout]   = note: import resolution is stuck, try simplifying macro imports
[INFO] [stdout] 
[INFO] [stdout] 
[INFO] [stdout] error: cannot determine resolution for the macro `hex`
[INFO] [stdout]  --> tests/sha512.rs:9:18
[INFO] [stdout]   |
[INFO] [stdout] 9 |     (&[0; 111], &hex!("77ddd3a542e530fd 047b8977c657ba6c e72f1492e360b2b2 212cd264e75ec038 82e4ff0525517ab4 207d14c70c2259ba 88d4d335ee0e...
[INFO] [stdout]   |                  ^^^
[INFO] [stdout]   |
[INFO] [stdout]   = note: import resolution is stuck, try simplifying macro imports
[INFO] [stdout] 
[INFO] [stdout] 
[INFO] [stdout] error: cannot determine resolution for the macro `hex`
[INFO] [stdout]   --> tests/sha512.rs:10:18
[INFO] [stdout]    |
[INFO] [stdout] 10 |     (&[0; 112], &hex!("2be2e788c8a8adea a9c89a7f78904cac ea6e39297d75e057 3a73c756234534d6 627ab4156b48a665 7b29ab8beb733340 40ad39ead814...
[INFO] [stdout]    |                  ^^^
[INFO] [stdout]    |
[INFO] [stdout]    = note: import resolution is stuck, try simplifying macro imports
[INFO] [stdout] 
[INFO] [stdout] 
[INFO] [stdout] error: cannot determine resolution for the macro `hex`
[INFO] [stdout]   --> tests/sha512.rs:11:18
[INFO] [stdout]    |
[INFO] [stdout] 11 |     (&[0; 113], &hex!("0e67910bcf0f9ccd e5464c63b9c850a1 2a759227d16b040d 98986d54253f9f34 322318e56b8feb86 c5fb2270ed87f312 52f7f68493ee...
[INFO] [stdout]    |                  ^^^
[INFO] [stdout]    |
[INFO] [stdout]    = note: import resolution is stuck, try simplifying macro imports
[INFO] [stdout] 
[INFO] [stdout] 
[INFO] [stdout] error: cannot determine resolution for the macro `hex`
[INFO] [stdout]   --> tests/sha512.rs:12:18
[INFO] [stdout]    |
[INFO] [stdout] 12 |     (&[0; 122], &hex!("4f3f095d015be4a7 a7cc0b8c04da4aa0 9e74351e3a97651f 744c23716ebd9b3e 822e5077a01baa5c c0ed45b9249e88ab 343d4333539d...
[INFO] [stdout]    |                  ^^^
[INFO] [stdout]    |
[INFO] [stdout]    = note: import resolution is stuck, try simplifying macro imports
[INFO] [stdout] 
[INFO] [stdout] 
[INFO] [stdout] error: cannot determine resolution for the macro `hex`
[INFO] [stdout]   --> tests/sha512.rs:13:19
[INFO] [stdout]    |
[INFO] [stdout] 13 |     (&[0; 1000], &hex!("ca3dff61bb23477a a6087b27508264a6 f9126ee3a004f53c b8db942ed345f2f2 d229b4b59c859220 a1cf1913f34248e3 803bab650e8...
[INFO] [stdout]    |                   ^^^
[INFO] [stdout]    |
[INFO] [stdout]    = note: import resolution is stuck, try simplifying macro imports
[INFO] [stdout] 
[INFO] [stdout] 
[INFO] [stdout] error: cannot determine resolution for the macro `hex`
[INFO] [stdout]   --> tests/sha512.rs:14:22
[INFO] [stdout]    |
[INFO] [stdout] 14 |     (&[0x41; 1000], &hex!("329c52ac62d1fe73 1151f2b895a00475 445ef74f50b979c6 f7bb7cae349328c1 d4cb4f7261a0ab43 f936a24b000651d4 a824fcdd...
[INFO] [stdout]    |                      ^^^
[INFO] [stdout]    |
[INFO] [stdout]    = note: import resolution is stuck, try simplifying macro imports
[INFO] [stdout] 
[INFO] [stdout] 
[INFO] [stdout] error: cannot determine resolution for the macro `hex`
[INFO] [stdout]   --> tests/sha512.rs:15:22
[INFO] [stdout]    |
[INFO] [stdout] 15 |     (&[0x55; 1005], &hex!("59f5e54fe299c6a8 764c6b199e44924a 37f59e2b56c3ebad 939b7289210dc8e4 c21b9720165b0f4d 4374c90f1bf4fb4a 5ace17a1...
[INFO] [stdout]    |                      ^^^
[INFO] [stdout]    |
[INFO] [stdout]    = note: import resolution is stuck, try simplifying macro imports
[INFO] [stdout] 
[INFO] [stdout] 
[INFO] [stdout] error: cannot determine resolution for the macro `hex`
[INFO] [stdout]   --> tests/sha512.rs:34:28
[INFO] [stdout]    |
[INFO] [stdout] 34 |     assert_eq!(&hash[..], &hex!("da172279f3ebbda9 5f6b6e1e5f0ebec6 82c25d3d93561a16 24c2fa9009d64c7e 9923f3b46bcaf11d 39a531f43297992b a4...
[INFO] [stdout]    |                            ^^^
[INFO] [stdout]    |
[INFO] [stdout]    = note: import resolution is stuck, try simplifying macro imports
[INFO] [stdout] 
[INFO] [stdout] 
[INFO] [stdout] error: cannot determine resolution for the macro `hex`
[INFO] [stdout]   --> tests/sha512.rs:44:28
[INFO] [stdout]    |
[INFO] [stdout] 44 |     assert_eq!(&hash[..], &hex!("14b1be901cb43549 b4d831e61e5f9df1 c791c85b50e85f9d 6bc64135804ad43c e8402750edbe4e5c 0fc170b99cf78b9f 4e...
[INFO] [stdout]    |                            ^^^
[INFO] [stdout]    |
[INFO] [stdout]    = note: import resolution is stuck, try simplifying macro imports
[INFO] [stdout] 
[INFO] [stdout] 
[INFO] [stdout] error: cannot determine resolution for the macro `hex`
[INFO] [stdout]   --> tests/sha512.rs:54:28
[INFO] [stdout]    |
[INFO] [stdout] 54 |     assert_eq!(&hash[..], &hex!("fd05e13eb771f051 90bd97d62647157e a8f1f6949a52bb6d aaedbad5f578ec59 b1b8d6c4a7ecb2fe ca6892b4dc138771 67...
[INFO] [stdout]    |                            ^^^
[INFO] [stdout]    |
[INFO] [stdout]    = note: import resolution is stuck, try simplifying macro imports
[INFO] [stdout] 
[INFO] [stdout] 
[INFO] [stdout] error[E0432]: unresolved import `hex_literal`
[INFO] [stdout]  --> tests/sha1.rs:5:5
[INFO] [stdout]   |
[INFO] [stdout] 5 | use hex_literal::hex;
[INFO] [stdout]   |     ^^^^^^^^^^^ use of undeclared type or module `hex_literal`
[INFO] [stdout] 
[INFO] [stdout] 
[INFO] [stdout] error: cannot determine resolution for the macro `hex`
[INFO] [stdout]  --> tests/sha1.rs:8:14
[INFO] [stdout]   |
[INFO] [stdout] 8 |     (b"abc", hex!("A9993E36 4706816A BA3E2571 7850C26C 9CD0D89D")),
[INFO] [stdout]   |              ^^^
[INFO] [stdout]   |
[INFO] [stdout]   = note: import resolution is stuck, try simplifying macro imports
[INFO] [stdout] 
[INFO] [stdout] 
[INFO] [stdout] error: cannot determine resolution for the macro `hex`
[INFO] [stdout]  --> tests/sha1.rs:9:67
[INFO] [stdout]   |
[INFO] [stdout] 9 |     (b"abcdbcdecdefdefgefghfghighijhijkijkljklmklmnlmnomnopnopq", hex!("84983E44 1C3BD26E BAAE4AA1 F95129E5 E54670F1"))
[INFO] [stdout]   |                                                                   ^^^
[INFO] [stdout]   |
[INFO] [stdout]   = note: import resolution is stuck, try simplifying macro imports
[INFO] [stdout] 
[INFO] [stdout] 
[INFO] [stdout] warning: unused import: `Resumable`
[INFO] [stdout]  --> tests/sha512.rs:3:19
[INFO] [stdout]   |
[INFO] [stdout] 3 |     StreamHasher, Resumable
[INFO] [stdout]   |                   ^^^^^^^^^
[INFO] [stdout]   |
[INFO] [stdout]   = note: `#[warn(unused_imports)]` on by default
[INFO] [stdout] 
[INFO] [stdout] 
[INFO] [stdout] warning: unused import: `Resumable`
[INFO] [stdout]  --> tests/sha1.rs:3:19
[INFO] [stdout]   |
[INFO] [stdout] 3 |     StreamHasher, Resumable
[INFO] [stdout]   |                   ^^^^^^^^^
[INFO] [stdout]   |
[INFO] [stdout]   = note: `#[warn(unused_imports)]` on by default
[INFO] [stdout] 
[INFO] [stdout] 
[INFO] [stdout] error: aborting due to 3 previous errors; 1 warning emitted
[INFO] [stdout] 
[INFO] [stdout] 
[INFO] [stdout] For more information about this error, try `rustc --explain E0432`.
[INFO] [stdout] 
[INFO] [stdout] error: aborting due to 12 previous errors; 1 warning emitted
[INFO] [stdout] 
[INFO] [stdout] 
[INFO] [stdout] For more information about this error, try `rustc --explain E0432`.
[INFO] [stdout] 
[INFO] [stderr] error: build failed
[INFO] running `Command { std: "docker" "inspect" "b2dc84e6016782ddeba1e574f1aa92c5b2bd2901285a2e9288fe654703c5cc24", kill_on_drop: false }`
[INFO] running `Command { std: "docker" "rm" "-f" "b2dc84e6016782ddeba1e574f1aa92c5b2bd2901285a2e9288fe654703c5cc24", kill_on_drop: false }`
[INFO] [stdout] b2dc84e6016782ddeba1e574f1aa92c5b2bd2901285a2e9288fe654703c5cc24
